t h be p(3). Suppose -3*j - 10 = l - 0*l, -4*l + 2*j + 30 = 0. Let z = l - h. Is z a prime number?
True
Suppose 2523 = 9*g - 708. Is g prime?
True
Let w be ((-12)/24)/((-1)/292). Suppose 20 = -5*a, i - w = 5*a - 35. Is i prime?
False
Let f be -3 - (-43 + 0 + 3). Let z(g) = g**3 + 3*g**2 + g + 5. Let m be z(-4). Let j = f + m. Is j a composite number?
True
Is -28*(497/(-4))/7 a prime number?
False
Let o = -2 - -5. Suppose -h + 56 = 4*n - n, n - 16 = -o*h. Is n composite?
False
Suppose 0 = -2*d - 2 + 32. Suppose t - 6*t + d = 0. Is t a prime number?
True
Let b = -125 + 58. Let o = -44 - b. Is o a prime number?
True
Suppose -161 = -2*r + 5*i + 81, 3*r - 363 = -i. Is r prime?
False
Let j(z) = 372*z**2 - 11*z + 3. Is j(-2) a composite number?
True
Let q(f) = -8*f**3 + f**2 - 3*f + 1. Suppose -6*t + t - 15 = 0. Is q(t) a prime number?
False
Let m be 6/15 - 1856/(-10). Let x = 169 + m. Is x prime?
False
Suppose -3*q - q = 5*f - 922, -2*f = q - 229. Is q prime?
True
Let a be -2*(1 + 0) + 8. Let j(l) = -14 + 7 + 19*l + 8. Is j(a) composite?
True
Let q = 34 + 50. Suppose -5*k - q + 19 = 0. Let m = k + 36. Is m a prime number?
True
Let d(s) = -s + 10. Let q be d(8). Is 347/3 + q/(-3) a composite number?
True
Let s = -2 + 6. Let x = -15 + 24. Suppose -x = -s*b + 31. Is b a composite number?
True
Let o be (-11*3 - -1) + -1. Let p = 21 + o. Let y(a) = -6*a + 5. Is y(p) a prime number?
False
Suppose 4*h - 3*h = 223. Is h composite?
False
Suppose -5*o = -4*o - 3*t + 39, 3*t = -5*o - 105. Let b be 1/(-4) + (-117)/12. Is o/40 - 156/b composite?
True
Let v = 843 - -518. Is v prime?
True
Suppose 0 = -4*d + 2*d + 6. Suppose -2*c - 305 - 672 = -3*p, d*p - 961 = -2*c. Is p a composite number?
True
Suppose 6 = 2*l - 4. Suppose 2*s - 6*s + 8 = 0, 5*r + l*s - 50 = 0. Let d = 45 - r. Is d prime?
True
Let m be (30/25)/(6/15). Is (-1)/(0 + m/(-267)) composite?
False
Let o = -37 + 64. Let d = o + 3. Let g = d + -5. Is g prime?
False
Let o(a) = a**2 - 9*a + 12. Let k be o(8). Let h = 0 - -5. Suppose -g = -h, -t - 5*g = -k*t + 32. Is t prime?
True
Suppose 0 = 3*z + 2*l - 1211, 4*z + 0*l - 1643 = 3*l. Is z a composite number?
True
Suppose -4*w = -2*z - 656, -4*w + z + 642 = 6*z. Is w composite?
False
Suppose 2*f = -12 + 82. Is f a composite number?
True
Suppose -2*q - 10 = 3*p, 2*q + 1 = 3. Let u(j) = 21*j**2 + 3*j + 3. Let a be u(p). Let m = a + -170. Is m a prime number?
True
Let t be ((-2)/6)/((-4)/804). Let d = 144 - t. Is d a prime number?
False
Suppose -6 = -5*m + 9. Suppose 5*t + m*r - 109 = 0, -5*r - 20 = -2*t + 36. Is t composite?
False
Suppose 3*g + 93 - 315 = 0. Is g a composite number?
True
Let d = 36 - -49. Is d a composite number?
True
Let o be (-2 + 0 - 0) + 337. Suppose -4*d = 5*n - o + 118, 0 = -2*d + 5*n + 101. Is d a prime number?
True
Let g be 54/(-12) - (-2)/(-4). Let k = g + 150. Is k composite?
True
Let z(y) be the second derivative of y**3/6 - y**2 + 2*y. Let o be z(2). Suppose o*d - 39 = -d - p, 4*d - p = 136. Is d a prime number?
False
Let u(o) = -5*o**3 - o**2 + 2*o + 3. Suppose 0*d = -d + 5. Suppose -4*j - 14 = -2*l - 6, -d*j + 2*l - 10 = 0. Is u(j) a prime number?
False
Let h(b) be the first derivative of -b**3/3 - 11*b**2/2 + b + 2. Let t be h(-8). Suppose 2*o - o = 2*g + t, -5*o + 95 = -4*g. Is o prime?
False
Let a = -61 + 95. Is a a prime number?
False
Suppose 3*n + 4*y + 144 = -n, 2*n + 76 = -y. Let v be (12/(-6))/((-2)/(-21)). Let o = v - n. Is o a prime number?
True
Let f be (-657)/(-12) - 3/(-12). Let d = f - 24. Is d prime?
True
Suppose -2*n = -2*r, 0 = n - 4*r - 4 + 10. Suppose 0 = 2*t + n - 6. Suppose -a = -t*a + 34. Is a a prime number?
False
Let y(b) = -19*b - 4. Let o be y(5). Let s = o + 188. Is s composite?
False
Let s be 14920/35 - (-6)/(-21). Let w = -23 - -61. Suppose 4*j + w = s. Is j a composite number?
False
Let a be 24/14 + (-6)/(-21). Suppose -104 = -a*l - h + 443, 3*l = 3*h + 843. Let y = l - 149. Is y a prime number?
True
Let q(p) = p**3 + 4*p**2 - 8*p + 4. Is q(7) prime?
True
Suppose 0 = -3*n + 101 + 214. Suppose -3*s + 8*s - n = 0. Is s composite?
True
Let c(s) be the third derivative of -s**6/120 - 7*s**5/60 - s**4/3 - 7*s**3/6 - 3*s**2. Is c(-7) composite?
True
Let n = 4 + -4. Suppose 3*y - y - 318 = n. Suppose -i + 3*i - 153 = -3*x, 3*x + 4*i = y. Is x composite?
True
Suppose -2*m + 2*b + 75 = -7*m, 3*b = -3*m - 45. Let j be 69/m + 2/(-5). Let w(f) = -f**3 - 4*f**2 + f + 1. Is w(j) composite?
True
Let s = -252 + 484. Suppose o + s = 5*o. Is o composite?
True
Let b = -2 - 17. Let o be (b/(-4))/(4/16). Suppose 10 = 2*d + 4*m, m = -3*d - m + o. Is d a composite number?
False
Suppose -3*b + x = 0, 0 = -0*b - 5*b - x + 8. Let p be (-10)/((b/15)/(-1)). Suppose -3*k + 111 = 4*a - a, 5*k - p = -4*a. Is a composite?
True
Suppose -2*h = h - 30. Let v = 3 + h. Is v a prime number?
True
Let v be (-70)/21*6/5. Let i be (-1)/(-2)*-4 + v. Let f(d) = -2*d**3 - 8*d**2 - 6*d + 5. Is f(i) a prime number?
False
Is (-60)/(-15) - (-1 + -3288 + -2) prime?
False
Suppose -5*p + 3*p = 3*t + 7454, 3*p = 4*t + 9933. Is t/(-21) - (-10)/(-35) prime?
False
Let y(g) be the first derivative of -g**4/4 + 7*g**3/3 - 5*g**2/2 - 3*g + 1. Suppose -2*q - 4 + 16 = 0. Is y(q) a composite number?
False
Let o(f) = f**3 + 7*f**2 + 5*f - 4. Let t be o(-6). Suppose 18 = 4*i - t*v, -17 - 3 = 4*v. Is i prime?
True
Let x = 173 + -67. Is x composite?
True
Is ((-2)/4)/(-3 - (-740)/248) prime?
True
Let w(l) = l**2 - 14*l - 46. Is w(-15) composite?
False
Suppose -8*j = -7613 - 1083. Is j composite?
False
Let z be 1/((-1)/(-157))*4. Let m(s) = 24*s - 33. Let d be m(-14). Let g = d + z. Is g composite?
True
Let k(p) = p + 1. Let t(g) = -38*g**2 + 5*g - 2. Let m(b) = k(b) - t(b). Let y be m(2). Suppose h = 4*h - y. Is h a prime number?
False
Let k(s) = -s**2 - 34*s + 26. Is k(-28) composite?
True
Let w(r) = -225*r - 1. Suppose -7*i + 10*i + 6 = 0. Is w(i) a prime number?
True
Suppose 5*f + 0*f + 65 = 0. Is (f/2)/(1/(-34)) a prime number?
False
Let s(h) = 76*h**2 + h - 7. Is s(-6) composite?
True
Let o(n) = n**2 - 4*n. Let t be o(3). Let m(a) = a**2 + 3*a + 2. Let r be m(t). Suppose -5*h + 4*b = -b - 370, 0 = -r*h - b + 157. Is h prime?
False
Let h(l) = -l**3 + 8*l**2 - 10. Is h(7) prime?
False
Let y be 2/8 + 14/8. Suppose -10*p - 88 = -12*p. Suppose -h + k - y = -2*k, -p = -4*h - k. Is h composite?
True
Let o(y) = y - 1. Let p be o(4). Suppose -2*m - 9 = -m + 4*h, 0 = -p*m - 2*h + 23. Is m a prime number?
True
Let r(q) = 3*q**3 - 25*q**2 - 3*q + 13. Is r(12) composite?
True
Suppose 2*v = 160 - 40. Let z be (33 - 5)/(-7) + 1*123. Let d = z - v. Is d prime?
True
Let z(x) = -x**2 - 6*x + 3. Let n be z(-6). Let p(c) = 2*c**3 + c**2 + 2*c - 3. Let h be p(n). Suppose -2*l = 4*a - h, 5*l - 90 = 6*a - a. Is l a prime number?
True
Suppose -k = -3 - 0. Suppose -i + f + 71 = -3*f, 0 = 3*i + k*f - 168. Is i a composite number?
False
Let s = 37 - 25. Let c = -6 + s. Is c a composite number?
True
Suppose -3 = -5*l + 2. Let k(i) = 3*i**3 + i**2 - 2*i + 1. Let m be k(l). Suppose m = -j + 80. Is j prime?
False
Let t = -19 + 22. Is 166*2/4*t prime?
False
Is (92/(-6))/((-2)/3) composite?
False
Is ((-145)/(-4))/(25/20 - 1) composite?
True
Suppose 3*t - 18 = g, 11 = 4*g - 1. Suppose -4*y + 376 = -0*y. Let i = y - t. Is i composite?
True
Suppose -3*t = -o - 12, 2*o + 4 = 4*o + t. Suppose o = 2*k - 5*i - 35, k + 5 = -k - 3*i. Suppose 105 = 2*j + 5*v, 5*v + 54 = -k*j + 324. Is j prime?
False
Is (3 - -3)/(6/381) prime?
False
Let l = 485 - 320. Let k = l + -106. Is k prime?
True
Is 490 - (-3)/((-1)/((-2)/(-2))) a composite number?
False
Suppose -5*o + 999 = -2*o. Is o/3*4/12 composite?
False
Let b be (0 - 2)*(0 - 13). Suppose -2*c - b = -o + 2*o, o + 22 = -4*c. Is -3*(o/9 - 1) composite?
False
Let w(n) = 21*n**3 - 2*n**2 + 1. Let j be w(1). Let q = j + 69. Is q a prime number?
True
Let w be (-8 + -2)*(-2)/5. Let g be (-5 + 6)/((-3)/(-12)). Suppose g*d - 85 = -o, w = 3*o + 1. Is d prime?
False
Let g = -11 - -15. Is (-4355)/(-45) + g/18 composite?
False
Suppose -9 = -3*b + 6. Suppose 3*a + 1 = -b*n, 3*n + 3 = -a - 0*a. Suppose -45 = -4*f - a*m, m = -5*f - m + 51. Is f a prime number?
False
Let w(a) = a**3 - 6*a**2 + 4. Suppose 2*y + 2*z - 29 = -y, -3*z + 40 = 4*y. Is w(y) a composite number?
Fal